48 = 0. What is the tens digit of p?
0
Let o = -435 + 1040. What is the tens digit of o?
0
What is the units digit of (8 + -8)/(-7) - (1 - 381)?
0
Suppose 3*q = 16*o - 11*o - 5186, -3*q = 5*o - 5174. What is the hundreds digit of o?
0
Let p be 9/(-12)*5592/3. What is the tens digit of p/(-30) - 4/(-10)?
4
Let j be (18/(-27))/((-2)/297). Let f = -68 + j. What is the units digit of f?
1
Let z = 58 + -57. Let x be -6*(-14)/3 - 1. Suppose z + x = v. What is the tens digit of v?
2
Let q be 1 - -4 - 0/13. Suppose -15 = u - 2*u + 2*n, q*n = 5*u - 50. Suppose 5*l = r - 33, -85 = -3*r - 2*r + u*l. What is the tens digit of r?
1
Let s(y) = y**2 - 6*y - 7. Let i be s(7). Suppose i = -4*n + 8*n. Suppose -2*q - 5*d + 7 = q, 3*q - 2*d - 35 = n. What is the units digit of q?
9
Let a(v) = 163*v - 45. Let m be a(5). Suppose -m = -7*l - 3*l. What is the units digit of l?
7
Let l = -3 + -7. Let c(g) = -g - 3. Let v be c(l). Let s = -4 + v. What is the units digit of s?
3
Suppose 8*o - 1160 = 4*o. Let s = -9 + 13. Suppose -s*d + 5*b + o = d, -3*d + 5*b = -174. What is the units digit of d?
8
Suppose -y = i - 567, -3*y + 2262 = y + 2*i. Let z = y - 332. What is the units digit of z?
2
Let w(i) = 3*i. Let o be w(1). Suppose 2*y - o = 3. What is the units digit of ((-22)/3)/((-2)/y)?
1
Let z(i) = -3*i**3 - 5*i**2 + 3*i + 44. What is the units digit of z(-5)?
9
Let o = -19 - -67. Suppose y - o - 3 = 0. Suppose y = -2*n + 3*n. What is the tens digit of n?
5
What is the thousands digit of (-175408)/(-96) - (-2)/(-12)?
1
Let k(z) be the third derivative of z**6/120 + 17*z**5/60 + 5*z**4/12 + z**3/2 - 9*z**2. What is the units digit of k(-16)?
9
What is the tens digit of (-2 + -5 - -5)*13266/(-12)?
1
Let m(c) = -c**3 - 8*c**2 - 8*c - 7. Let f be m(-8). Suppose 2*x + f - 345 = 0. What is the tens digit of x?
4
Suppose n + 25*t - 24*t - 2549 = 0, 0 = 3*n - t - 7643. What is the tens digit of n?
4
Let d be (-3)/(-12) - (-5)/(-20). Suppose r - a - 40 = d, 2*r = -r - 3*a + 108. What is the tens digit of r?
3
Suppose -q = -0*q - 2. Suppose q*x = -0 + 4. Suppose -142 = -3*s - 3*n - 13, 74 = x*s - 4*n. What is the tens digit of s?
4
Let c be 2*(180/(-8))/(-3). Suppose 3*g - c = 0, 5*b - 2*g - 269 = 161. What is the units digit of b?
8
Let l = 95 - 96. What is the hundreds digit of l*(-1 + 2) + 282?
2
What is the tens digit of -405*(1 - (-8)/(-6))*1?
3
Let x be (-4 + 11 - 2)*1. Suppose -153 = -2*a + 5*v, -a = -6*a - x*v + 435. Suppose 4*l + 4*p - a = -0*l, 0 = -4*l + 3*p + 49. What is the units digit of l?
6
Let r(h) be the third derivative of h**6/120 + h**5/120 - h**4/24 + 10*h**2. Let j(q) be the second derivative of r(q). What is the units digit of j(1)?
7
Let j = -26 - -50. Let y = j + -2. Let v = -4 + y. What is the units digit of v?
8
Suppose 3*f = 5*j + 5*f - 4446, -4*j + 3552 = 4*f. What is the hundreds digit of j?
8
Let i(d) = -d**2 + 2*d + 6. Let g be i(3). Suppose -25 = -g*k - 16. Suppose k*z = 137 + 34. What is the tens digit of z?
5
Let j = -1384 - -2570. What is the hundreds digit of j?
1
Let c(r) = -r**3 - r**2 - 2*r + 3. Let m be c(0). Suppose -16 - 60 = -4*q + 4*y, m*q = -y + 49. What is the tens digit of q?
1
Let r be 2*(-5)/((-20)/6). Suppose 3*p - 2*p = r. Suppose p*j - 83 = -3*g - 2*g, 2*j = 4*g - 84. What is the tens digit of g?
1
Let t(r) = -4*r**2 + 14*r - 4. Let z be t(3). What is the tens digit of (z*62/(-4))/(-1)?
3
Suppose 8*j + 2 = 9*j. Suppose j*p - 59 = -0*s + s, 3*s - 123 = -4*p. What is the tens digit of p?
3
Let o(t) = -t + 13. Let y be o(7). Let d be (-159)/(-1) - (y + -6). Suppose -l + d = 2*l. What is the units digit of l?
3
Suppose t + 95 - 1550 = 0. Suppose -1436 + 263 = -4*x - y, -5*x = 5*y - t. What is the tens digit of x?
9
Let q(z) be the first derivative of z**3/3 + 13*z**2/2 + 25*z + 10. What is the tens digit of q(-12)?
1
Suppose -5*j - 7 = -m, 2*m + j - 15 = -1. Suppose m*g - 104 = 43. What is the units digit of g?
1
Let d be 2*(-1 + (-4)/(-8)). What is the units digit of d/1 - (-8 + 5)?
2
Let y(f) = -11*f**3 - 4*f**2 + f - 6. Let b be y(-3). Suppose -5*p + b = 3*m + 28, -5*m - 5*p + 390 = 0. What is the units digit of m?
3
Suppose -63*b + 4336 = 3*w - 64*b, -2*b = -4*w + 5784. What is the units digit of w?
4
Let w be 3 + 128 - (-1 + -1). Suppose 8 = -2*y, -2*h + 3*y = 3*h - 37. Suppose w = 5*u + 2*g, -2*g = h*u + 3*g - 145. What is the units digit of u?
5
Suppose -3*d + 2*t = -2*d - 27, -3*t - 27 = -d. Suppose 4*l + d = 171. What is the units digit of l?
6
Let t = 12 - 8. Suppose 5*b - t*g = -5, -3*b - g = 2*g - 24. Suppose 5*w + 35 - 112 = b*q, -2*w + 3*q + 38 = 0. What is the tens digit of w?
1
Let z = 2249 - 224. What is the tens digit of z?
2
Let p = 536 + -237. What is the units digit of p?
9
Let i be (-17)/(-4) + (-6)/24. Suppose i*u - 5*u + 4 = 0. Suppose -3*d + 4*q = -6 - 130, -q = u*d - 156. What is the units digit of d?
0
Let f = 2714 - 2612. What is the tens digit of f?
0
Let o(z) = -59*z**3 + z**2 + 4*z - 3. Let j be o(1). Let u = j + 95. What is the tens digit of u?
3
Let u = -10 + 12. Let f(x) = x**3 - x - 2. Let h be f(u). Suppose -88 = -3*i + 5*o, 0 = -h*i - 5*o - 57 + 221. What is the tens digit of i?
3
Let f(d) = -50 - 35*d - 3 + 10 - 2*d**2. What is the tens digit of f(-13)?
7
Let m(c) = c**2 - c - 1. Let j(a) = -4*a + 3. Let q(z) = -j(z) + m(z). Let g be q(-4). What is the tens digit of g + 19 + (2 - 1)?
2
Suppose -4*m = 2 + 6. What is the units digit of (m/(-8))/((-1)/(-12))?
3
Suppose 25 = 3*t - 5*k, -5*t + k - 4*k = 15. Suppose t = r + 6*r - 301. What is the units digit of r?
3
Let y(v) = -v**2 - 14*v + 13. Let l be y(-15). What is the tens digit of ((-3)/((-24)/(-4240)))/(4/l)?
6
What is the tens digit of 1318/6 + -2 - (-2)/6?
1
Let t be (-1 + 34)*2/((-12)/(-66)). Suppose 4*u - 3*r = 687, 2*u + 5*r - t = -0*r. What is the tens digit of u?
7
Let d(b) = 116*b**2 - 2*b - 3. Let c be d(-1). What is the tens digit of 0 - 2*c/(-2)?
1
Let l(r) = r**2 - 19*r - 22. Let k be l(25). Let w = 51 + k. What is the hundreds digit of w?
1
Suppose 1000 = 47*n - 45*n. What is the units digit of n?
0
What is the units digit of (1*984/7)/(44/308)?
4
Suppose -2*t - t - 15 = 0, -3*q = -3*t - 45. What is the hundreds digit of (965/q)/((-3)/(-6))?
1
What is the hundreds digit of 535*78/(-325)*10/(-4)?
3
Let i(u) be the third derivative of 9*u**5/20 + u**4/24 - u**3/6 + 3*u**2. Let z be i(1). Let l = z + 1. What is the tens digit of l?
2
Let i be (2 - (-3)/(-2))*276. Let d = -71 + i. What is the tens digit of d?
6
Let s be (1 - (-72)/(-45))*5/1. Let q(p) = p**3 - 2*p**2 + 3. Let g(h) = -2*h**3 + h**2 + h - 4. Let c(i) = -2*g(i) - 3*q(i). What is the tens digit of c(s)?
1
Suppose -4*i + 2419 = -12*d + 13*d, 4*i - 2413 = d. What is the units digit of i?
4
Let o be (-15)/(-4)*4*(-1)/(-1). Suppose -15 = z + 5*b, -4*z - 3*b + o = 2*b. What is the tens digit of z?
1
Let h(m) = 3*m + 17. Let j be h(-9). What is the units digit of (0 - 12)/(j/(-12) + -1)?
2
Suppose -2*a + 5*a = 5*l - 72, -11 = -l + 4*a. Suppose 0 = 18*s - l*s - 363. What is the hundreds digit of s?
1
Let i = -2 + -22. Let x be i/18*102/(-8). Suppose 13*y = x*y - 92. What is the tens digit of y?
2
Let z(m) = -m**3 + 10*m**2 - 16*m + 8. What is the tens digit of z(5)?
5
Let m = -56 + 61. Suppose a - i - 93 = 0, -m*i = -2*a + 49 + 146. What is the units digit of a?
0
Let h(t) = -29*t**3 - 2*t**2 - 2. Suppose -b = -6*q + q - 23, -b = -3*q - 13. What is the hundreds digit of h(b)?
2
Let a(d) = -d**2 + 5*d. Let i be 20/8*1*2. Suppose -i*f = -7*f + 6. What is the units digit of a(f)?
6
What is the tens digit of (-12)/36 - (-5810)/6?
6
Let x be (1 - 0)*(-3 - 461). Let k be x/4*(-2)/4. Suppose -2*r - 8 = -k. What is the units digit of r?
5
Suppose -5*g + 2809 = -d, 0 = -4*g + 70*d - 74*d + 2228. What is the units digit of g?
1
Suppose -10*t + 9180 = 17*t. What is the units digit of t?
0
Let n be 2600/182 + 4/(-14). Suppose -19*t + 170 = -n*t. What is the tens digit of t?
3
Suppose 5*j + 3*p = -p + 13, -3*p = -j + 14. Suppose -j*z = 3*z - 752. What is the units digit of z?
4
Let t = -4 - -11. Suppose 0 = -5*w + t*w. Let b = 13 + w. What is the units digit of b?
3
Suppose -7*n = -n + 12. What is the tens digit of (173 - 1)*n/(-8)?
4
Let p(g) = 11*g + 6. Let u be (36/(-10))/(6/(-40